 factor of 22 and 396.
22
Calculate the highest common divisor of 63 and 2853.
9
Calculate the greatest common factor of 104 and 13.
13
Calculate the highest common divisor of 11 and 979.
11
What is the highest common factor of 144 and 1800?
72
Calculate the highest common divisor of 238 and 42.
14
Calculate the greatest common factor of 2056 and 56.
8
Calculate the highest common factor of 5850 and 117.
117
Calculate the highest common factor of 890 and 80.
10
Calculate the highest common divisor of 253 and 1127.
23
Calculate the highest common divisor of 3 and 28.
1
Calculate the highest common factor of 1705 and 165.
55
What is the highest common divisor of 970 and 20?
10
What is the greatest common divisor of 12 and 8940?
12
Calculate the greatest common divisor of 256 and 96.
32
What is the highest common divisor of 406 and 8758?
58
Calculate the highest common factor of 16 and 384.
16
What is the highest common factor of 27 and 4?
1
Calculate the greatest common divisor of 21 and 3.
3
What is the greatest common divisor of 300 and 250?
50
What is the highest common divisor of 8 and 128?
8
What is the highest common factor of 27 and 42309?
27
What is the greatest common divisor of 19940 and 80?
20
What is the greatest common factor of 81 and 1350?
27
What is the greatest common factor of 10 and 590?
10
Calculate the greatest common factor of 17 and 119.
17
What is the highest common factor of 116 and 6960?
116
Calculate the highest common divisor of 20 and 500.
20
What is the greatest common divisor of 33 and 1507?
11
What is the greatest common factor of 1980 and 11?
11
Calculate the greatest common divisor of 1168 and 73.
73
What is the highest common factor of 6 and 3342?
6
What is the greatest common factor of 10 and 1570?
10
Calculate the greatest common factor of 60 and 140.
20
Calculate the highest common factor of 216 and 1896.
24
What is the highest common divisor of 7984 and 16?
16
What is the highest common factor of 6 and 76?
2
What is the greatest common factor of 592 and 240?
16
What is the greatest common divisor of 675 and 75?
75
What is the greatest common divisor of 972 and 720?
36
What is the greatest common divisor of 128 and 2?
2
Calculate the greatest common divisor of 1729 and 429.
13
What is the highest common factor of 4 and 982?
2
What is the highest common divisor of 1512 and 462?
42
Calculate the highest common factor of 38 and 6422.
38
Calculate the greatest common factor of 12896 and 26.
26
What is the highest common divisor of 90 and 120?
30
Calculate the highest common divisor of 81 and 459.
27
Calculate the greatest common factor of 1278 and 36.
18
What is the greatest common divisor of 65 and 13?
13
What is the greatest common divisor of 195 and 2080?
65
Calculate the highest common factor of 462 and 63.
21
What is the highest common factor of 832 and 130?
26
Calculate the greatest common divisor of 2 and 8.
2
What is the highest common divisor of 185 and 6290?
185
What is the greatest common divisor of 1 and 23?
1
What is the highest common divisor of 31 and 93?
31
Calculate the highest common factor of 675 and 5825.
25
What is the greatest common divisor of 6 and 1758?
6
What is the greatest common factor of 825 and 132?
33
What is the highest common factor of 176 and 440?
88
What is the highest common factor of 2511 and 31?
31
Calculate the highest common factor of 891 and 6039.
99
Calculate the highest common divisor of 385 and 11.
11
What is the greatest common factor of 726 and 1419?
33
What is the highest common factor of 25 and 155?
5
Calculate the greatest common factor of 210 and 45.
15
Calculate the greatest common divisor of 26 and 1079.
13
What is the highest common factor of 10 and 610?
10
Calculate the highest common divisor of 985 and 5.
5
Calculate the greatest common divisor of 21 and 238.
7
What is the greatest common factor of 93 and 11904?
93
Calculate the greatest common factor of 248 and 372.
124
What is the highest common factor of 385 and 440?
55
Calculate the highest common divisor of 92 and 2461.
23
Calculate the highest common factor of 27 and 3528.
9
What is the greatest common factor of 2479 and 335?
67
What is the highest common divisor of 209 and 11?
11
Calculate the highest common factor of 2121 and 21.
21
Calculate the greatest common factor of 272 and 340.
68
Calculate the greatest common factor of 366 and 30.
6
What is the greatest common divisor of 13320 and 90?
90
What is the greatest common factor of 52734 and 66?
66
Calculate the highest common factor of 45 and 144.
9
Calculate the greatest common divisor of 52 and 780.
52
What is the greatest common factor of 32 and 2944?
32
Calculate the highest common factor of 30 and 250.
10
Calculate the greatest common factor of 65 and 9607.
13
Calculate the greatest common divisor of 112 and 28.
28
Calculate the greatest common divisor of 14 and 5418.
14
What is the greatest common factor of 1275 and 50?
25
What is the highest common divisor of 119 and 7?
7
What is the highest common factor of 444 and 1221?
111
What is the highest common factor of 12024 and 167?
167
Calculate the greatest common divisor of 740 and 20.
20
What is the highest common factor of 70 and 77?
7
What is the highest common divisor of 19 and 95?
19
What is the greatest common divisor of 56 and 202?
2
Calculate the highest common factor of 45 and 9.
9
Calculate the greatest common divisor of 60 and 45.
15
What is the highest common divisor of 585 and 325?
65
What is the greatest common divisor of 418 and 110?
22
Calculate the highest common factor of 5856 and 864.
96
Calculate the greatest common divisor of 13356 and 108.
36
What is the highest common factor of 30 and 96?
6
Calculate the greatest common factor of 14 and 106.
2
What is the highest common divisor of 164 and 287?
41
What is the greatest common divisor of 506 and 44?
22
What is the highest common factor of 9 and 99?
9
Calculate the greatest common divisor of 13 and 3133.
13
What is the highest common factor of 2352 and 18?
6
What is the highest common factor of 925 and 259?
37
Calculate the greatest common divisor of 870 and 10.
10
Calculate the highest common factor of 4830 and 21.
21
Calculate the greatest common factor of 1643 and 93.
31
What is the highest common divisor of 32011 and 119?
119
Calculate the greatest common divisor of 580 and 20.
20
What is the highest common factor of 119 and 51?
17
What is the highest common divisor of 201 and 11591?
67
What is the highest common divisor of 650 and 100?
50
Calculate the greatest common factor of 639 and 1207.
71
Calculate the highest common divisor of 61 and 244.
61
Calculate the greatest common factor of 64 and 5312.
64
What is the greatest common factor of 162 and 1134?
162
What is the highest common factor of 108 and 576?
36
What is the greatest common divisor of 184 and 3772?
92
What is the highest common divisor of 756 and 28?
28
Calculate the greatest common divisor of 17 and 34.
17
What is the highest common factor of 12 and 332?
4
Calculate the highest common factor of 1 and 3.
1
Calculate the greatest common factor of 259 and 74.
37
What is the greatest common factor of 5 and 405?
5
What is the highest common factor of 224 and 10848?
32
Calculate the greatest common divisor of 4891 and 292.
73
What is the highest common divisor of 4 and 760?
4
Calculate the highest common divisor of 90 and 40.
10
What is the highest common factor of 61518 and 6?
6
Calculate the highest common factor of 42 and 438.
6
What is the highest common factor of 2346 and 2208?
138
What is the highest common factor of 195 and 15?
15
What is the highest common divisor of 3638 and 34?
34
What is the highest common divisor of 240 and 660?
60
What is the highest common factor of 90 and 150?
30
What is the greatest common divisor of 11303 and 89?
89
What is the highest common factor of 858 and 2730?
78
What is the greatest common divisor of 60 and 480?
60
What is the highest common factor of 3582 and 90?
18
Calculate the greatest common factor of 18 and 585.
9
Calculate the greatest common factor of 138 and 230.
46
Calculate the highest common divisor of 312 and 1144.
104
Calculate the greatest common factor of 96 and 11184.
48
Calculate the highest common